 what is 10 - -10301?
10311
In base 6, what is 2 - -3302?
3304
In base 14, what is 25bac - -16?
25bc4
In base 13, what is -539 - 9b?
-607
In base 14, what is -8 + 11c3d?
11c35
In base 5, what is 2240334 + 4?
2240343
In base 9, what is -10420301 + -3?
-10420304
In base 7, what is 564 - 43542?
-42645
In base 8, what is -26 - -7736?
7710
In base 2, what is 111011101 - 11010000011?
-10010100110
In base 6, what is -245 - -101?
-144
In base 14, what is 19 - 3b6?
-39b
In base 16, what is 1ecd1 - 4?
1eccd
In base 8, what is -1 - 643537?
-643540
In base 8, what is 64037 + 320?
64357
In base 6, what is -21 + 223542?
223521
In base 14, what is 3 + -714a?
-7147
In base 9, what is 3 - -56754?
56757
In base 10, what is -14 - -136309?
136295
In base 11, what is 286 - 2692?
-2407
In base 8, what is -55 - 1422?
-1477
In base 15, what is 4 - a37e?
-a37a
In base 2, what is 1000101111 - 1101110?
111000001
In base 12, what is -1 - 1002a?
-1002b
In base 16, what is -24 - -48e?
46a
In base 2, what is -11 - 10101011101101101?
-10101011101110000
In base 12, what is -171a51 + -5?
-171a56
In base 2, what is 101 + -1000001000011110110?
-1000001000011110001
In base 10, what is 1 + -568992?
-568991
In base 10, what is -5 - 10395?
-10400
In base 4, what is -10 - -11300212222?
11300212212
In base 5, what is -1 - -1012133?
1012132
In base 10, what is -3 - 14405?
-14408
In base 3, what is -202 - 212122?
-220101
In base 3, what is -21122001 + 12210?
-21102021
In base 2, what is -11001 - -1001101110111100?
1001101110100011
In base 2, what is 101111101 - 1101101?
100010000
In base 11, what is -1 + 220a68?
220a67
In base 4, what is 0 + 10010122?
10010122
In base 12, what is -1a + 600?
5a2
In base 5, what is 101200411 - 10?
101200401
In base 2, what is -1000101111111100 + 110010?
-1000101111001010
In base 16, what is -9 - 1cf4?
-1cfd
In base 10, what is -1941 - -47?
-1894
In base 11, what is -6 - -13a11?
13a06
In base 2, what is -1 + 110100100011111?
110100100011110
In base 15, what is -256d6 - -3?
-256d3
In base 16, what is 50a6 + -14?
5092
In base 14, what is -90 + 567?
4b7
In base 8, what is 13 + 3002?
3015
In base 10, what is 6200 - -21?
6221
In base 16, what is -eef - 13?
-f02
In base 6, what is 2425 + 11100?
13525
In base 2, what is -10 - 100101000111001?
-100101000111011
In base 3, what is -10 + 22102201200?
22102201120
In base 12, what is 17b3 + -a?
17a5
In base 11, what is -1a4 + -1197?
-1390
In base 16, what is 5 + 5669?
566e
In base 7, what is 266 - -5132?
5431
In base 13, what is -239618 - -4?
-239614
In base 4, what is 3232 + 23?
3321
In base 13, what is -7a91 - -35?
-7a59
In base 14, what is -4 + -10546?
-1054a
In base 9, what is -848083 + 3?
-848080
In base 13, what is 112275 - 2?
112273
In base 9, what is 628 - -2754?
3483
In base 15, what is -34 + 419?
3d5
In base 8, what is -142 + -136?
-300
In base 4, what is -302323 + -112333?
-1021322
In base 10, what is 23235 - 4?
23231
In base 4, what is -22 + 1202203?
1202121
In base 7, what is 3 + -1113?
-1110
In base 2, what is -11001110100011 + 1001000101?
-11000101011110
In base 4, what is -111302 - 222?
-112130
In base 7, what is -304 - -600?
263
In base 3, what is 12 - 10221110100?
-10221110011
In base 5, what is -2014000 + 0?
-2014000
In base 12, what is -5 - 5b740?
-5b745
In base 11, what is -187 - -328?
151
In base 3, what is -2 + 122220221?
122220212
In base 5, what is 20322 + -120?
20202
In base 3, what is 11 + -11001102120?
-11001102102
In base 15, what is -156 - -1e0?
89
In base 16, what is 660 - 83?
5dd
In base 4, what is -3231201 + 21?
-3231120
In base 16, what is 72c + c?
738
In base 2, what is 0 + -11101010111111001?
-11101010111111001
In base 8, what is -5 - -110367?
110362
In base 7, what is -54 + 102450?
102363
In base 4, what is -320 - -30000?
23020
In base 14, what is -5 + 24bc8?
24bc3
In base 6, what is 43 - 52200?
-52113
In base 14, what is -3813a - 34?
-38170
In base 16, what is 824e + -1?
824d
In base 9, what is 24 - 776?
-752
In base 12, what is -4aa5 - 1b?
-4b04
In base 2, what is -1010 - 100101011011?
-100101100101
In base 3, what is 10112202022000 - -12?
10112202022012
In base 14, what is 2b - 9d30?
-9d03
In base 6, what is -143 - 1423?
-2010
In base 16, what is -17070 + -5?
-17075
In base 13, what is 10 - 6c63?
-6c53
In base 8, what is -24 - -20323?
20277
In base 12, what is -1117 + -14?
-112b
In base 10, what is 92 - -2085?
2177
In base 12, what is -46 + -203?
-249
In base 13, what is -6 + c174?
c16b
In base 9, what is -5742 - -2?
-5740
In base 5, what is 4220021 - -10?
4220031
In base 10, what is 728 - -134?
862
In base 2, what is -11001100011111110 + 11?
-11001100011111011
In base 11, what is 0 + -120807?
-120807
In base 10, what is 2 - -393152?
393154
In base 2, what is -11111100101001 - 100?
-11111100101101
In base 14, what is 4 - 48290?
-4828a
In base 7, what is -603123 - -14?
-603106
In base 11, what is 19908 - 1?
19907
In base 15, what is 0 + -28a23?
-28a23
In base 5, what is -1 - -24033024?
24033023
In base 5, what is -1304111 + 2?
-1304104
In base 3, what is 101 + 12000002?
12000110
In base 10, what is 1 - -331134?
331135
In base 4, what is 221012002 + -23?
221011313
In base 6, what is -5430 - 42231?
-52101
In base 10, what is 958 + 366?
1324
In base 4, what is 102 + 122323?
123031
In base 14, what is 1da16 - 1?
1da15
In base 4, what is -20122211120 + 10?
-20122211110
In base 5, what is 0 + -1030414?
-1030414
In base 6, what is -1534 - -102?
-1432
In base 15, what is -21 + -6363?
-6384
In base 7, what is 162413 - 414?
161666
In base 11, what is -4288 + 48?
-4240
In base 13, what is 150ba5 - -5?
150baa
In base 6, what is 1 - 35244?
-35243
In base 8, what is 67744 - 5?
67737
In base 7, what is 1 - 662425?
-662424
In base 15, what is 3b3d + ad?
3beb
In base 12, what is -1772 + -22?
-1794
In base 2, what is 1001111 + -11011001001001?
-11010111111010
In base 8, what is -4 + -41107?
-41113
In base 15, what is -33e + 18b?
-1a3
In base 2, what is 100 + -10010111001100000?
-10010111001011100
In base 12, what is -76 - 19b?
-255
In base 9, what is 4 + 41835?
41840
In base 14, what is -9 + 62c65?
62c5a
In base 3, what is -1200 - -1120112?
1111212
In base 11, what is -20990 + -2?
-20992
In base 4, what is 21211 + 1112?
22323
In base 7, what is -251066 + -4?
-251103
In base 12, what is 91 + 11807?
11898
In base 10, what is 2172 - -6?
2178
In base 14, what is a3 + -1196?
-10d3
In base 12, what is 10 - b01?
-ab1
In base 4, what is -100013022 + -1132?
-100020220
In base 9, what is -2287044 + 3?
-2287041
In base 3, what is -200 + 11212202102?
11212201202
In base 11, what is 40 + 1065?
10a5
In base 12, what is -13386 + 18?
-1336a
In base 2, what is -1001111011100 - 110111?
-1010000010011
In base 5, what is 4013211 + 44?
4013310
In base 13, what is 3 - -1c344c?
1c3452
In base 16, what is -1a - -4?
-16
In base 12, what is 1aa61 - -1?
1aa62
In base 2, what is 1111010101 - 111110111?
111011110
In base 3, what is 1 + -1210121100?
-1210121022
In base 10, what is 191367 - 4?
191363
In base 15, what is -74 - 137?
-1ab
In base 15, what is e67c - -30?
e6ac
In base 8, what is 257627 - 4?
257623
In base 15, what is -67d + 3e?
-63e
In base 12, what is -47b + -ab?
-56a
In base 7, what is -40 + -2605?
-2645
In base 9, what is 5581 + -43?
5537
In base 5, what is 4222342 + -3?
4222334
In base 15, what is -3 - 25c3?
-25c6
In base 12, what is -3 + -146b86?
-146b89
In base 2, what is 1100101001100 - -1100101?
1100110110001
In base 4, what is -3 - 20102313?
-20102322
In base 10, what is 740785 - 7?
740778
In base 11, what is 0 + 318a91?
318a91
In base 13, what is -24b + -439?
-687
In base 2, what is -1010111 - -1010001001?
1000110010
In base 15, what is 14 + 5c7?
5db
In base 2, what is -1000 - -11101111110?
11101110110
In base 10, what is 9 + -126248?
-126239
In base 15, what is -114 - -49?
-ba
In base 6, what is -1251004443 - 4?
-1251004451
In base 13, what is 2c8 + -33c4?
-30c9
In base 9, what is -75 + -82?
-167
In base 8, what is -7 - -11555?
11546
In base 8, what is -6065636 + 4?
-6065632
In base 14, what is 8 + a047?
a051
In base 7, what is -25 + 444661?
444633
In base 4, what is -100231023 - 23?
-100231112
In base 12, what is -77992 + -3?
-77995
In base 14, what is -a + -10b8c?
-10b98
In base 7, what is -2225 + -